{"id":237,"date":"2025-10-24T16:09:42","date_gmt":"2025-10-24T16:09:42","guid":{"rendered":"https:\/\/yxxawek.cluster129.hosting.ovh.net\/?page_id=237"},"modified":"2025-12-15T14:30:50","modified_gmt":"2025-12-15T14:30:50","slug":"fresques-et-installation-paysagere","status":"publish","type":"page","link":"https:\/\/www.pascalinedeglodebesses.com\/index.php\/fresques-et-installation-paysagere\/","title":{"rendered":"fresques"},"content":{"rendered":"\n<figure class=\"wp-block-image size-full\"><img loading=\"lazy\" decoding=\"async\" width=\"1280\" height=\"796\" src=\"http:\/\/yxxawek.cluster129.hosting.ovh.net\/wp-content\/uploads\/2025\/10\/Carnot1-sRGB-2.jpeg\" alt=\"fresque en lumi\u00e8re noire et peinture phosphorescente\" class=\"wp-image-246\" srcset=\"https:\/\/www.pascalinedeglodebesses.com\/wp-content\/uploads\/2025\/10\/Carnot1-sRGB-2.jpeg 1280w, https:\/\/www.pascalinedeglodebesses.com\/wp-content\/uploads\/2025\/10\/Carnot1-sRGB-2-300x187.jpeg 300w, https:\/\/www.pascalinedeglodebesses.com\/wp-content\/uploads\/2025\/10\/Carnot1-sRGB-2-1024x637.jpeg 1024w, https:\/\/www.pascalinedeglodebesses.com\/wp-content\/uploads\/2025\/10\/Carnot1-sRGB-2-768x478.jpeg 768w\" sizes=\"auto, (max-width: 1280px) 100vw, 1280px\" \/><\/figure>\n\n\n\n<p><\/p>\n\n\n\n<p>HUIT PAYSAGES, BANC D\u2019ESSAI 2019 \/ BIENNALE INTERNATIONALE DESIGN SAINT-\u00c9TIENNE COMMANDITAIRE : EPASE \u00a9 F. Maisonnasse +&nbsp;\u00a9 Besos Sous le viaduc de la gare de Carnot, \u00e0 Saint-Etienne, 8 peintures en couleurs mettent en lumi\u00e8re les arches. Elles s\u2019ajoutent aux compositions n\u00e9es de la stratification urbaine, empreints du temps et dont chaque arche dessine un cadre. R\u00e9flecteurs d\u2019une lumi\u00e8re indirecte, elles r\u00e9v\u00e8lent ces lieux ignor\u00e9s.&nbsp;<strong><em>HUIT PAYSAGES<\/em>, BANC D&rsquo;ESSAI 2019 \/ INTERNATIONALE BIENNIAL of DESIGN SAINT-\u00c9TIENNE. COMMANDITAIRE : EPASE \u00a9 F. Maisonnasse (by night) &#8211;&nbsp;\u00a9 Besos (day)&nbsp;An installation of 8 paintings under the train station of Carnot in St-Etienne. By day, the colours, shapes and architecture blend to form a composition resembling a painting. By night the arches of this remarkable viaduct are mysteriously illuminated.<\/strong><\/p>\n\n\n\n<figure class=\"wp-block-gallery has-nested-images columns-default is-cropped wp-block-gallery-1 is-layout-flex wp-block-gallery-is-layout-flex\">\n<figure class=\"wp-block-image size-large\"><img loading=\"lazy\" decoding=\"async\" width=\"340\" height=\"509\" data-id=\"240\" src=\"https:\/\/yxxawek.cluster129.hosting.ovh.net\/wp-content\/uploads\/2025\/10\/B04_Huitpays-\u00aejbescos010-2.jpg\" alt=\"fresques en lumi\u00e8re noire et peinture phosphorescente\" class=\"wp-image-240\" srcset=\"https:\/\/www.pascalinedeglodebesses.com\/wp-content\/uploads\/2025\/10\/B04_Huitpays-\u00aejbescos010-2.jpg 340w, https:\/\/www.pascalinedeglodebesses.com\/wp-content\/uploads\/2025\/10\/B04_Huitpays-\u00aejbescos010-2-200x300.jpg 200w\" sizes=\"auto, (max-width: 340px) 100vw, 340px\" \/><\/figure>\n\n\n\n<figure class=\"wp-block-image\"><img decoding=\"async\" data-id=\"85\" src=\"https:\/\/pascalinedgdb-aklor.wordpress.com\/wp-content\/uploads\/2025\/10\/carnot-67-srgb.jpg?w=769\" alt=\"fresques en lumi\u00e8re noire et peinture phosphorescente\" class=\"wp-image-85\"\/><\/figure>\n\n\n\n<figure class=\"wp-block-image size-large\"><img loading=\"lazy\" decoding=\"async\" width=\"339\" height=\"509\" data-id=\"239\" src=\"https:\/\/yxxawek.cluster129.hosting.ovh.net\/wp-content\/uploads\/2025\/10\/B04_Huitpays-\u00aejbescos002-2.jpg\" alt=\"fresques en lumi\u00e8re noire et peinture phosphorescente\" class=\"wp-image-239\" srcset=\"https:\/\/www.pascalinedeglodebesses.com\/wp-content\/uploads\/2025\/10\/B04_Huitpays-\u00aejbescos002-2.jpg 339w, https:\/\/www.pascalinedeglodebesses.com\/wp-content\/uploads\/2025\/10\/B04_Huitpays-\u00aejbescos002-2-200x300.jpg 200w\" sizes=\"auto, (max-width: 339px) 100vw, 339px\" \/><\/figure>\n<\/figure>\n\n\n\n<p><\/p>\n\n\n\n<figure class=\"wp-block-gallery has-nested-images columns-default is-cropped wp-block-gallery-2 is-layout-flex wp-block-gallery-is-layout-flex\">\n<figure class=\"wp-block-image size-large\"><img loading=\"lazy\" decoding=\"async\" width=\"1024\" height=\"1024\" data-id=\"127\" src=\"https:\/\/yxxawek.cluster129.hosting.ovh.net\/wp-content\/uploads\/2025\/10\/possieres-1-1024x1024.jpg\" alt=\"fresques en lumi\u00e8re noire et peinture phosphorescente\" class=\"wp-image-127\" srcset=\"https:\/\/www.pascalinedeglodebesses.com\/wp-content\/uploads\/2025\/10\/possieres-1-1024x1024.jpg 1024w, https:\/\/www.pascalinedeglodebesses.com\/wp-content\/uploads\/2025\/10\/possieres-1-300x300.jpg 300w, https:\/\/www.pascalinedeglodebesses.com\/wp-content\/uploads\/2025\/10\/possieres-1-150x150.jpg 150w, https:\/\/www.pascalinedeglodebesses.com\/wp-content\/uploads\/2025\/10\/possieres-1-768x768.jpg 768w, https:\/\/www.pascalinedeglodebesses.com\/wp-content\/uploads\/2025\/10\/possieres-1.jpg 1200w\" sizes=\"auto, (max-width: 1024px) 100vw, 1024px\" \/><\/figure>\n\n\n\n<figure class=\"wp-block-image size-large\"><img loading=\"lazy\" decoding=\"async\" width=\"684\" height=\"1024\" data-id=\"244\" src=\"https:\/\/yxxawek.cluster129.hosting.ovh.net\/wp-content\/uploads\/2025\/10\/Carnot-22-sRGB-2-684x1024.jpg\" alt=\"fresques en lumi\u00e8re noire et peinture phosphorescente\" class=\"wp-image-244\" srcset=\"https:\/\/www.pascalinedeglodebesses.com\/wp-content\/uploads\/2025\/10\/Carnot-22-sRGB-2-684x1024.jpg 684w, https:\/\/www.pascalinedeglodebesses.com\/wp-content\/uploads\/2025\/10\/Carnot-22-sRGB-2-200x300.jpg 200w, https:\/\/www.pascalinedeglodebesses.com\/wp-content\/uploads\/2025\/10\/Carnot-22-sRGB-2.jpg 769w\" sizes=\"auto, (max-width: 684px) 100vw, 684px\" \/><\/figure>\n<\/figure>\n\n\n\n<p><\/p>\n\n\n\n<h2 class=\"wp-block-heading\">ZEBRA<\/h2>\n\n\n\n<p>Fresque r\u00e9alis\u00e9e \u00e0 partir d&rsquo;un carreau en c\u00e9ramique lamin\u00e9e format 20&#215;20 cm. Toutes identiques, on fait varier leur sens pour cr\u00e9er d&rsquo;innombrables motifs<strong><em>. Zebra<\/em>, a&nbsp;unique model of ceramic tiles with a simple graphism that creates an infinity of combinations and patterns.&nbsp;<em>VIA fund (Valorisation Industry Furniture)&nbsp;<\/em>thanks to&nbsp;<em>Zebra in 2004.<\/em><\/strong><br><\/p>\n\n\n\n<figure class=\"wp-block-image is-resized\"><img decoding=\"async\" src=\"https:\/\/pascalinedgdb-aklor.wordpress.com\/wp-content\/uploads\/2025\/10\/zebra-2-1.jpg?w=192\" alt=\"carreaux en c\u00e9ramique z\u00e9bra\" class=\"wp-image-241\" style=\"width:264px;height:auto\"\/><\/figure>\n\n\n\n<figure class=\"wp-block-image is-resized\"><img decoding=\"async\" src=\"https:\/\/pascalinedgdb-aklor.wordpress.com\/wp-content\/uploads\/2025\/10\/zebra-2.jpg\" alt=\"fresque de carreaux en c\u00e9ramique z\u00e9bra\" class=\"wp-image-240\" style=\"width:1171px;height:auto\"\/><\/figure>\n\n\n\n<p><\/p>\n\n\n\n<h2 class=\"wp-block-heading\">LE RUBAN<\/h2>\n\n\n\n<p>Une commande du village Saint-Jean, association des commer\u00e7ants de la rue Pierre B\u00e9rard \u00e0 Saint-Etienne \u00e0 l&rsquo;occasion de la Biennale Internationale de Design 2017.&nbsp;<strong><em>The Ribbon<\/em>. Urban installation during the International Biennial of Design Saint-Etienne 2017. Ribbon is one of several emblematic objects in the city. An on-street painting made from chalk powder which invites interaction and curiosity from the public.<\/strong><\/p>\n\n\n\n<figure class=\"wp-block-image\"><img decoding=\"async\" src=\"https:\/\/pascalinedgdb-aklor.wordpress.com\/wp-content\/uploads\/2025\/10\/20170313_165706.jpg\" alt=\"fresque urbaine \u00e0 la case\u00efne \" class=\"wp-image-113\"\/><\/figure>\n\n\n\n<p><\/p>\n\n\n\n<figure class=\"wp-block-gallery has-nested-images columns-default is-cropped wp-block-gallery-3 is-layout-flex wp-block-gallery-is-layout-flex\">\n<figure class=\"wp-block-image size-full\"><img loading=\"lazy\" decoding=\"async\" width=\"443\" height=\"662\" data-id=\"565\" src=\"http:\/\/www.pascalinedeglodebesses.com\/wp-content\/uploads\/2025\/11\/ruban-pers-1.jpg\" alt=\"fresque rue \" class=\"wp-image-565\" srcset=\"https:\/\/www.pascalinedeglodebesses.com\/wp-content\/uploads\/2025\/11\/ruban-pers-1.jpg 443w, https:\/\/www.pascalinedeglodebesses.com\/wp-content\/uploads\/2025\/11\/ruban-pers-1-201x300.jpg 201w\" sizes=\"auto, (max-width: 443px) 100vw, 443px\" \/><\/figure>\n\n\n\n<figure class=\"wp-block-image size-large\"><img loading=\"lazy\" decoding=\"async\" width=\"391\" height=\"574\" data-id=\"563\" src=\"https:\/\/www.pascalinedeglodebesses.com\/wp-content\/uploads\/2025\/11\/ruban-pers1-1.jpg\" alt=\"fresque sol\" class=\"wp-image-563\" srcset=\"https:\/\/www.pascalinedeglodebesses.com\/wp-content\/uploads\/2025\/11\/ruban-pers1-1.jpg 391w, https:\/\/www.pascalinedeglodebesses.com\/wp-content\/uploads\/2025\/11\/ruban-pers1-1-204x300.jpg 204w\" sizes=\"auto, (max-width: 391px) 100vw, 391px\" \/><\/figure>\n<\/figure>\n\n\n\n<p><\/p>\n\n\n\n<h2 class=\"wp-block-heading\">LE PAS DES NOUES<\/h2>\n\n\n\n<p>INSTALLATION PAYSAG\u00c8RE. Conception et r\u00e9alisation Pascaline de Glo de Besses &amp;\u00a0Jean-Sebastien Poncet\u00a0avec l\u2019aide pr\u00e9cieuse de Quentin Scandela. \u00a9J-S Poncet. Cette installation se situe \u00e0 l\u2019intersection de la marche comme exp\u00e9rience esth\u00e9tique et d\u2019une mise en lecture d\u2019un paysage agricole. L\u2019objectif est de poursuivre le projet de chemin pi\u00e9ton du parc agricole de Vernand et de traverser la zone humide dans les fonds en pr\u00e9servant ce site naturel pr\u00e9cieux. Le pas est inspir\u00e9 du ponton zig-zag embl\u00e9matique du jardin japonais. Il est dessin\u00e9 de sorte \u00e0 n\u2019\u00eatre ni ostentatoire ni impactant pour le sol\u00a0: son trac\u00e9 \u00e9pouse le relief du terrain, contourne les arbres, limitant les point d\u2019ancrages et orientant la marche vers certains points d\u2019observation. Le traitement du bois de douglas br\u00fbl\u00e9, connu au Japon sous le nom de Yaki-sugi ou shou-sugi-ban. Noircis, les piquets de cl\u00f4ture absorbent la lumi\u00e8re et font figure de fines silhouettes, \u00e9voluant comme des ombres dans le paysage.\u00a0\u00a0\u00a0\u00a0<strong>LANDSCAPE INSTALLATION. Designed and realized by Pascaline de Glo de Besses &amp; Jean-Sebastien Poncet with the invaluable assistance of Quentin Scandela. \u00a9 J-S Poncet. This installation sits at the intersection of walking as an aesthetic experience and a reading of \u00ab\u00a0agricultural design\u00a0\u00bb. The aim is to extend the pedestrian path project of the Vernand agricultural park and to cross the wetland in the lower-lying areas while preserving this precious natural site.\u00a0The walkway is inspired by the iconic zig-zag footbridge of the Japanese garden. It is designed to be neither ostentatious nor damaging to the soil: its route follows the contours of the land, skirts the trees, minimizes anchor points and directs movement toward specific viewpoints.\u00a0The treatment of burned Douglas fir, known in Japan as yaki-sugi or shou-sugi-ban, is also frequently applied to agricultural fencing in Europe. Blackened, the fence posts absorb the light and read as slender silhouettes, moving like shadows across the landscape.<\/strong><\/p>\n\n\n\n<figure class=\"wp-block-image is-resized\"><img decoding=\"async\" src=\"https:\/\/pascalinedgdb-aklor.wordpress.com\/wp-content\/uploads\/2025\/10\/lepasdesnoues-16.jpg?w=800\" alt=\"installation paysag\u00e8re\" class=\"wp-image-406\" style=\"width:1171px;height:auto\"\/><\/figure>\n\n\n\n<p><\/p>\n\n\n\n<figure class=\"wp-block-image is-resized\"><img decoding=\"async\" src=\"https:\/\/pascalinedgdb-aklor.wordpress.com\/wp-content\/uploads\/2025\/10\/lepasdesnoues-14.jpg?w=800\" alt=\"installation paysag\u00e8re en bois brul\u00e9\" class=\"wp-image-405\" style=\"width:1171px;height:auto\"\/><\/figure>\n\n\n\n<p><\/p>\n\n\n\n<figure class=\"wp-block-image size-large is-resized\"><img loading=\"lazy\" decoding=\"async\" width=\"683\" height=\"1024\" src=\"http:\/\/www.pascalinedeglodebesses.com\/wp-content\/uploads\/2025\/11\/DSCF6760-683x1024.jpg\" alt=\"installation paysag\u00e8re\" class=\"wp-image-569\" style=\"width:1171px;height:auto\" srcset=\"https:\/\/www.pascalinedeglodebesses.com\/wp-content\/uploads\/2025\/11\/DSCF6760-683x1024.jpg 683w, https:\/\/www.pascalinedeglodebesses.com\/wp-content\/uploads\/2025\/11\/DSCF6760-200x300.jpg 200w, https:\/\/www.pascalinedeglodebesses.com\/wp-content\/uploads\/2025\/11\/DSCF6760-768x1152.jpg 768w, https:\/\/www.pascalinedeglodebesses.com\/wp-content\/uploads\/2025\/11\/DSCF6760-1024x1536.jpg 1024w, https:\/\/www.pascalinedeglodebesses.com\/wp-content\/uploads\/2025\/11\/DSCF6760-scaled.jpg 1707w\" sizes=\"auto, (max-width: 683px) 100vw, 683px\" \/><\/figure>\n\n\n\n<p><\/p>\n\n\n\n<figure class=\"wp-block-image is-resized\"><img decoding=\"async\" src=\"https:\/\/pascalinedgdb-aklor.wordpress.com\/wp-content\/uploads\/2025\/10\/pxl_20221031_072924413.mp_-edited.jpg?w=1024\" alt=\"passerelle en bois brul\u00e9\" class=\"wp-image-411\" style=\"width:1171px;height:auto\"\/><\/figure>\n\n\n\n<p><\/p>\n\n\n\n<figure class=\"wp-block-gallery has-nested-images columns-default is-cropped wp-block-gallery-4 is-layout-flex wp-block-gallery-is-layout-flex\">\n<figure class=\"wp-block-image size-large\"><img loading=\"lazy\" decoding=\"async\" width=\"768\" height=\"1024\" data-id=\"570\" src=\"https:\/\/www.pascalinedeglodebesses.com\/wp-content\/uploads\/2025\/11\/IMG_7992-768x1024.jpg\" alt=\"installation paysag\u00e8re sous la neige\" class=\"wp-image-570\" srcset=\"https:\/\/www.pascalinedeglodebesses.com\/wp-content\/uploads\/2025\/11\/IMG_7992-768x1024.jpg 768w, https:\/\/www.pascalinedeglodebesses.com\/wp-content\/uploads\/2025\/11\/IMG_7992-225x300.jpg 225w, https:\/\/www.pascalinedeglodebesses.com\/wp-content\/uploads\/2025\/11\/IMG_7992-1152x1536.jpg 1152w, https:\/\/www.pascalinedeglodebesses.com\/wp-content\/uploads\/2025\/11\/IMG_7992.jpg 1512w\" sizes=\"auto, (max-width: 768px) 100vw, 768px\" \/><\/figure>\n<\/figure>\n\n\n\n<p><\/p>\n\n\n\n<figure class=\"wp-block-image is-resized\"><img decoding=\"async\" src=\"https:\/\/pascalinedgdb-aklor.wordpress.com\/wp-content\/uploads\/2025\/10\/img_7987.jpg?w=1024\" alt=\"installation paysag\u00e8re ponton\" class=\"wp-image-401\" style=\"width:1171px;height:auto\"\/><\/figure>\n\n\n\n<p><\/p>\n","protected":false},"excerpt":{"rendered":"<p>HUIT PAYSAGES, BANC D\u2019ESSAI 2019 \/ BIENNALE INTERNATIONALE DESIGN SAINT-\u00c9TIENNE COMMANDITAIRE : EPASE \u00a9 F. Maisonnasse +&nbsp;\u00a9 Besos Sous le viaduc de la gare de Carnot, \u00e0 Saint-Etienne, 8 peintures en couleurs mettent en lumi\u00e8re les arches. Elles s\u2019ajoutent aux compositions n\u00e9es de la stratification urbaine, empreints du temps et dont chaque arche dessine un&hellip;&nbsp;<a href=\"https:\/\/www.pascalinedeglodebesses.com\/index.php\/fresques-et-installation-paysagere\/\" rel=\"bookmark\"><span class=\"screen-reader-text\">fresques<\/span><\/a><\/p>\n","protected":false},"author":1,"featured_media":0,"parent":0,"menu_order":3,"comment_status":"closed","ping_status":"closed","template":"","meta":{"neve_meta_sidebar":"","neve_meta_container":"","neve_meta_enable_content_width":"","neve_meta_content_width":0,"neve_meta_title_alignment":"","neve_meta_author_avatar":"","neve_post_elements_order":"","neve_meta_disable_header":"","neve_meta_disable_footer":"","neve_meta_disable_title":"","_themeisle_gutenberg_block_has_review":false,"footnotes":""},"class_list":["post-237","page","type-page","status-publish","hentry"],"yoast_head":"<!-- This site is optimized with the Yoast SEO plugin v26.2 - https:\/\/yoast.com\/wordpress\/plugins\/seo\/ -->\n<title>fresques - Pascaline de Glo de Besses Pascaline de Glo de Besses fresques -<\/title>\n<meta name=\"description\" content=\"fresques urbaine peinture phosphorescente, fresque en carreau de ceramique z\u00e9bra et installation paysag\u00e8re en bois brul\u00e9 campagne et nature\" \/>\n<meta name=\"robots\" content=\"index, follow, max-snippet:-1, max-image-preview:large, max-video-preview:-1\" \/>\n<link rel=\"canonical\" href=\"http:\/\/www.pascalinedeglodebesses.com\/index.php\/fresques-et-installation-paysagere\/\" \/>\n<meta property=\"og:locale\" content=\"fr_FR\" \/>\n<meta property=\"og:type\" content=\"article\" \/>\n<meta property=\"og:title\" content=\"fresques - Pascaline de Glo de Besses Pascaline de Glo de Besses fresques -\" \/>\n<meta property=\"og:description\" content=\"fresques urbaine peinture phosphorescente, fresque en carreau de ceramique z\u00e9bra et installation paysag\u00e8re en bois brul\u00e9 campagne et nature\" \/>\n<meta property=\"og:url\" content=\"http:\/\/www.pascalinedeglodebesses.com\/index.php\/fresques-et-installation-paysagere\/\" \/>\n<meta property=\"og:site_name\" content=\"Pascaline de Glo de Besses\" \/>\n<meta property=\"article:modified_time\" content=\"2025-12-15T14:30:50+00:00\" \/>\n<meta property=\"og:image\" content=\"http:\/\/yxxawek.cluster129.hosting.ovh.net\/wp-content\/uploads\/2025\/10\/Carnot1-sRGB-2.jpeg\" \/>\n<meta name=\"twitter:card\" content=\"summary_large_image\" \/>\n<meta name=\"twitter:label1\" content=\"Dur\u00e9e de lecture estim\u00e9e\" \/>\n\t<meta name=\"twitter:data1\" content=\"7 minutes\" \/>\n<script type=\"application\/ld+json\" class=\"yoast-schema-graph\">{\"@context\":\"https:\/\/schema.org\",\"@graph\":[{\"@type\":\"WebPage\",\"@id\":\"http:\/\/www.pascalinedeglodebesses.com\/index.php\/fresques-et-installation-paysagere\/\",\"url\":\"http:\/\/www.pascalinedeglodebesses.com\/index.php\/fresques-et-installation-paysagere\/\",\"name\":\"fresques - Pascaline de Glo de Besses Pascaline de Glo de Besses fresques -\",\"isPartOf\":{\"@id\":\"http:\/\/www.pascalinedeglodebesses.com\/#website\"},\"primaryImageOfPage\":{\"@id\":\"http:\/\/www.pascalinedeglodebesses.com\/index.php\/fresques-et-installation-paysagere\/#primaryimage\"},\"image\":{\"@id\":\"http:\/\/www.pascalinedeglodebesses.com\/index.php\/fresques-et-installation-paysagere\/#primaryimage\"},\"thumbnailUrl\":\"http:\/\/yxxawek.cluster129.hosting.ovh.net\/wp-content\/uploads\/2025\/10\/Carnot1-sRGB-2.jpeg\",\"datePublished\":\"2025-10-24T16:09:42+00:00\",\"dateModified\":\"2025-12-15T14:30:50+00:00\",\"description\":\"fresques urbaine peinture phosphorescente, fresque en carreau de ceramique z\u00e9bra et installation paysag\u00e8re en bois brul\u00e9 campagne et nature\",\"breadcrumb\":{\"@id\":\"http:\/\/www.pascalinedeglodebesses.com\/index.php\/fresques-et-installation-paysagere\/#breadcrumb\"},\"inLanguage\":\"fr-FR\",\"potentialAction\":[{\"@type\":\"ReadAction\",\"target\":[\"http:\/\/www.pascalinedeglodebesses.com\/index.php\/fresques-et-installation-paysagere\/\"]}]},{\"@type\":\"ImageObject\",\"inLanguage\":\"fr-FR\",\"@id\":\"http:\/\/www.pascalinedeglodebesses.com\/index.php\/fresques-et-installation-paysagere\/#primaryimage\",\"url\":\"http:\/\/yxxawek.cluster129.hosting.ovh.net\/wp-content\/uploads\/2025\/10\/Carnot1-sRGB-2.jpeg\",\"contentUrl\":\"http:\/\/yxxawek.cluster129.hosting.ovh.net\/wp-content\/uploads\/2025\/10\/Carnot1-sRGB-2.jpeg\"},{\"@type\":\"BreadcrumbList\",\"@id\":\"http:\/\/www.pascalinedeglodebesses.com\/index.php\/fresques-et-installation-paysagere\/#breadcrumb\",\"itemListElement\":[{\"@type\":\"ListItem\",\"position\":1,\"name\":\"Home\",\"item\":\"http:\/\/www.pascalinedeglodebesses.com\/\"},{\"@type\":\"ListItem\",\"position\":2,\"name\":\"fresques\"}]},{\"@type\":\"WebSite\",\"@id\":\"http:\/\/www.pascalinedeglodebesses.com\/#website\",\"url\":\"http:\/\/www.pascalinedeglodebesses.com\/\",\"name\":\"Pascaline de Glo de Besses\",\"description\":\"artiste\",\"publisher\":{\"@id\":\"http:\/\/www.pascalinedeglodebesses.com\/#\/schema\/person\/5af4777f0d0de7444ba13dd16c7b1351\"},\"potentialAction\":[{\"@type\":\"SearchAction\",\"target\":{\"@type\":\"EntryPoint\",\"urlTemplate\":\"http:\/\/www.pascalinedeglodebesses.com\/?s={search_term_string}\"},\"query-input\":{\"@type\":\"PropertyValueSpecification\",\"valueRequired\":true,\"valueName\":\"search_term_string\"}}],\"inLanguage\":\"fr-FR\"},{\"@type\":[\"Person\",\"Organization\"],\"@id\":\"http:\/\/www.pascalinedeglodebesses.com\/#\/schema\/person\/5af4777f0d0de7444ba13dd16c7b1351\",\"name\":\"admin6698\",\"image\":{\"@type\":\"ImageObject\",\"inLanguage\":\"fr-FR\",\"@id\":\"http:\/\/www.pascalinedeglodebesses.com\/#\/schema\/person\/image\/\",\"url\":\"http:\/\/www.pascalinedeglodebesses.com\/wp-content\/uploads\/2025\/12\/portrait-masque-NB-pur.jpg\",\"contentUrl\":\"http:\/\/www.pascalinedeglodebesses.com\/wp-content\/uploads\/2025\/12\/portrait-masque-NB-pur.jpg\",\"width\":1005,\"height\":1005,\"caption\":\"admin6698\"},\"logo\":{\"@id\":\"http:\/\/www.pascalinedeglodebesses.com\/#\/schema\/person\/image\/\"},\"sameAs\":[\"http:\/\/yxxawek.cluster129.hosting.ovh.net\"]}]}<\/script>\n<!-- \/ Yoast SEO plugin. -->","yoast_head_json":{"title":"fresques - Pascaline de Glo de Besses Pascaline de Glo de Besses fresques -","description":"fresques urbaine peinture phosphorescente, fresque en carreau de ceramique z\u00e9bra et installation paysag\u00e8re en bois brul\u00e9 campagne et nature","robots":{"index":"index","follow":"follow","max-snippet":"max-snippet:-1","max-image-preview":"max-image-preview:large","max-video-preview":"max-video-preview:-1"},"canonical":"http:\/\/www.pascalinedeglodebesses.com\/index.php\/fresques-et-installation-paysagere\/","og_locale":"fr_FR","og_type":"article","og_title":"fresques - Pascaline de Glo de Besses Pascaline de Glo de Besses fresques -","og_description":"fresques urbaine peinture phosphorescente, fresque en carreau de ceramique z\u00e9bra et installation paysag\u00e8re en bois brul\u00e9 campagne et nature","og_url":"http:\/\/www.pascalinedeglodebesses.com\/index.php\/fresques-et-installation-paysagere\/","og_site_name":"Pascaline de Glo de Besses","article_modified_time":"2025-12-15T14:30:50+00:00","og_image":[{"url":"http:\/\/yxxawek.cluster129.hosting.ovh.net\/wp-content\/uploads\/2025\/10\/Carnot1-sRGB-2.jpeg","type":"","width":"","height":""}],"twitter_card":"summary_large_image","twitter_misc":{"Dur\u00e9e de lecture estim\u00e9e":"7 minutes"},"schema":{"@context":"https:\/\/schema.org","@graph":[{"@type":"WebPage","@id":"http:\/\/www.pascalinedeglodebesses.com\/index.php\/fresques-et-installation-paysagere\/","url":"http:\/\/www.pascalinedeglodebesses.com\/index.php\/fresques-et-installation-paysagere\/","name":"fresques - Pascaline de Glo de Besses Pascaline de Glo de Besses fresques -","isPartOf":{"@id":"http:\/\/www.pascalinedeglodebesses.com\/#website"},"primaryImageOfPage":{"@id":"http:\/\/www.pascalinedeglodebesses.com\/index.php\/fresques-et-installation-paysagere\/#primaryimage"},"image":{"@id":"http:\/\/www.pascalinedeglodebesses.com\/index.php\/fresques-et-installation-paysagere\/#primaryimage"},"thumbnailUrl":"http:\/\/yxxawek.cluster129.hosting.ovh.net\/wp-content\/uploads\/2025\/10\/Carnot1-sRGB-2.jpeg","datePublished":"2025-10-24T16:09:42+00:00","dateModified":"2025-12-15T14:30:50+00:00","description":"fresques urbaine peinture phosphorescente, fresque en carreau de ceramique z\u00e9bra et installation paysag\u00e8re en bois brul\u00e9 campagne et nature","breadcrumb":{"@id":"http:\/\/www.pascalinedeglodebesses.com\/index.php\/fresques-et-installation-paysagere\/#breadcrumb"},"inLanguage":"fr-FR","potentialAction":[{"@type":"ReadAction","target":["http:\/\/www.pascalinedeglodebesses.com\/index.php\/fresques-et-installation-paysagere\/"]}]},{"@type":"ImageObject","inLanguage":"fr-FR","@id":"http:\/\/www.pascalinedeglodebesses.com\/index.php\/fresques-et-installation-paysagere\/#primaryimage","url":"http:\/\/yxxawek.cluster129.hosting.ovh.net\/wp-content\/uploads\/2025\/10\/Carnot1-sRGB-2.jpeg","contentUrl":"http:\/\/yxxawek.cluster129.hosting.ovh.net\/wp-content\/uploads\/2025\/10\/Carnot1-sRGB-2.jpeg"},{"@type":"BreadcrumbList","@id":"http:\/\/www.pascalinedeglodebesses.com\/index.php\/fresques-et-installation-paysagere\/#breadcrumb","itemListElement":[{"@type":"ListItem","position":1,"name":"Home","item":"http:\/\/www.pascalinedeglodebesses.com\/"},{"@type":"ListItem","position":2,"name":"fresques"}]},{"@type":"WebSite","@id":"http:\/\/www.pascalinedeglodebesses.com\/#website","url":"http:\/\/www.pascalinedeglodebesses.com\/","name":"Pascaline de Glo de Besses","description":"artiste","publisher":{"@id":"http:\/\/www.pascalinedeglodebesses.com\/#\/schema\/person\/5af4777f0d0de7444ba13dd16c7b1351"},"potentialAction":[{"@type":"SearchAction","target":{"@type":"EntryPoint","urlTemplate":"http:\/\/www.pascalinedeglodebesses.com\/?s={search_term_string}"},"query-input":{"@type":"PropertyValueSpecification","valueRequired":true,"valueName":"search_term_string"}}],"inLanguage":"fr-FR"},{"@type":["Person","Organization"],"@id":"http:\/\/www.pascalinedeglodebesses.com\/#\/schema\/person\/5af4777f0d0de7444ba13dd16c7b1351","name":"admin6698","image":{"@type":"ImageObject","inLanguage":"fr-FR","@id":"http:\/\/www.pascalinedeglodebesses.com\/#\/schema\/person\/image\/","url":"http:\/\/www.pascalinedeglodebesses.com\/wp-content\/uploads\/2025\/12\/portrait-masque-NB-pur.jpg","contentUrl":"http:\/\/www.pascalinedeglodebesses.com\/wp-content\/uploads\/2025\/12\/portrait-masque-NB-pur.jpg","width":1005,"height":1005,"caption":"admin6698"},"logo":{"@id":"http:\/\/www.pascalinedeglodebesses.com\/#\/schema\/person\/image\/"},"sameAs":["http:\/\/yxxawek.cluster129.hosting.ovh.net"]}]}},"_links":{"self":[{"href":"https:\/\/www.pascalinedeglodebesses.com\/index.php\/wp-json\/wp\/v2\/pages\/237","targetHints":{"allow":["GET"]}}],"collection":[{"href":"https:\/\/www.pascalinedeglodebesses.com\/index.php\/wp-json\/wp\/v2\/pages"}],"about":[{"href":"https:\/\/www.pascalinedeglodebesses.com\/index.php\/wp-json\/wp\/v2\/types\/page"}],"author":[{"embeddable":true,"href":"https:\/\/www.pascalinedeglodebesses.com\/index.php\/wp-json\/wp\/v2\/users\/1"}],"replies":[{"embeddable":true,"href":"https:\/\/www.pascalinedeglodebesses.com\/index.php\/wp-json\/wp\/v2\/comments?post=237"}],"version-history":[{"count":34,"href":"https:\/\/www.pascalinedeglodebesses.com\/index.php\/wp-json\/wp\/v2\/pages\/237\/revisions"}],"predecessor-version":[{"id":774,"href":"https:\/\/www.pascalinedeglodebesses.com\/index.php\/wp-json\/wp\/v2\/pages\/237\/revisions\/774"}],"wp:attachment":[{"href":"https:\/\/www.pascalinedeglodebesses.com\/index.php\/wp-json\/wp\/v2\/media?parent=237"}],"curies":[{"name":"wp","href":"https:\/\/api.w.org\/{rel}","templated":true}]}}